876?
True
Is 45655000 a multiple of 575?
True
Does 1879 divide 662997952?
False
Is 4837635 a multiple of 435?
True
Does 20 divide 118229278?
False
Is 119 a factor of 183024499?
True
Is 6821114 a multiple of 1088?
False
Does 1344 divide 1286684478?
False
Does 9 divide 34801335?
True
Does 177 divide 205660458?
False
Is 2691 a factor of 39380094?
True
Is 72 a factor of 45193104?
True
Is 163686978 a multiple of 42?
True
Is 875 a factor of 33227250?
True
Is 50 a factor of 335659766?
False
Is 1110105498 a multiple of 186?
False
Does 55 divide 128900750?
True
Is 5465019 a multiple of 1029?
True
Is 168 a factor of 63483672?
True
Is 14 a factor of 16569462?
True
Does 3 divide 26971680?
True
Is 118193850 a multiple of 18?
True
Is 504058648 a multiple of 902?
False
Is 52607334 a multiple of 278?
False
Is 236156499 a multiple of 17?
False
Does 2957 divide 157194529?
False
Does 5 divide 11265500?
True
Is 532 a factor of 1171748848?
False
Is 4419579 a multiple of 3?
True
Is 8 a factor of 14550248?
True
Is 2342722635 a multiple of 49?
False
Does 1075 divide 2065999098?
False
Does 469 divide 132263628?
True
Is 1567140702 a multiple of 38?
False
Is 19 a factor of 1883942743?
False
Does 228 divide 16021515?
False
Does 39 divide 104158712?
False
Is 429543177 a multiple of 21?
True
Is 8463504 a multiple of 14?
True
Does 1900 divide 6570946700?
True
Does 101 divide 693522189?
False
Does 40 divide 106419920?
True
Is 25 a factor of 19330325?
True
Does 10 divide 5224277?
False
Is 33092064 a multiple of 136?
True
Does 69 divide 517628202?
True
Is 1337594973 a multiple of 31?
False
Is 94 a factor of 2744133?
False
Does 554 divide 242138463?
False
Is 36129194 a multiple of 28?
False
Does 133 divide 40293645?
False
Is 678 a factor of 740569908?
True
Is 52794546 a multiple of 1168?
False
Does 58 divide 23105119?
False
Is 1752556 a multiple of 19?
False
Does 240 divide 194221439?
False
Is 2 a factor of 7966387?
False
Is 9588304 a multiple of 176?
True
Is 528 a factor of 374086416?
True
Does 232 divide 256104180?
False
Does 32 divide 2541052?
False
Does 50 divide 3115196167?
False
Is 2830343420 a multiple of 4?
True
Is 76 a factor of 253465852?
True
Does 255 divide 874667574?
False
Is 72 a factor of 22996584?
True
Does 47 divide 6549014357?
True
Is 4 a factor of 56339320?
True
Is 350 a factor of 1342172?
False
Does 14 divide 185968608?
True
Does 360 divide 17962920?
True
Is 417 a factor of 206589672?
False
Is 467 a factor of 10075929?
False
Is 1413924716 a multiple of 37?
False
Is 88717420 a multiple of 11?
True
Does 49 divide 30024162?
True
Is 520576363 a multiple of 349?
False
Is 75806786 a multiple of 22?
True
Is 2542 a factor of 144646742?
False
Is 127 a factor of 17904985?
False
Does 7 divide 1932299684?
True
Is 153098712 a multiple of 619?
False
Is 15195528 a multiple of 9?
True
Does 414 divide 8729319?
False
Does 303 divide 117272817?
True
Is 29742281 a multiple of 2456?
False
Does 6933 divide 7372223567?
False
Is 1970 a factor of 48641270?
True
Does 123 divide 24989664?
True
Does 5 divide 40988433?
False
Is 205 a factor of 216941842?
False
Is 8 a factor of 82265801?
False
Is 15634773 a multiple of 539?
True
Does 45 divide 353667477?
False
Does 14 divide 6161008?
True
Is 54829401 a multiple of 29?
True
Does 37 divide 1092298349?
True
Is 12 a factor of 624529908?
True
Does 1163 divide 2636671228?
False
Does 66 divide 178189989?
False
Does 15 divide 21648375?
True
Is 71 a factor of 27913866?
False
Is 6 a factor of 305795940?
True
Is 272 a factor of 250911379?
False
Is 6 a factor of 199533073?
False
Is 169286654 a multiple of 419?
False
Does 31 divide 1844898257?
True
Does 1519 divide 431554792?
False
Is 63605512 a multiple of 16?
False
Does 15 divide 41532120?
True
Is 14 a factor of 135368842?
True
Is 1018 a factor of 2518969740?
True
Is 1353104265 a multiple of 283?
False
Does 12 divide 104579084?
False
Is 8587 a factor of 4498823757?
True
Is 173890581 a multiple of 44?
False
Is 26489190 a multiple of 930?
True
Does 215 divide 143294401?
False
Is 504 a factor of 610392384?
True
Is 68 a factor of 500631368?
True
Does 15 divide 3314449031?
False
Does 30 divide 103595391?
False
Does 82 divide 23176726?
True
Does 1941 divide 143048941?
False
Is 684 a factor of 27862056?
True
Is 37711824 a multiple of 6?
True
Does 86 divide 2202346053?
False
Does 76 divide 3802432?
True
Is 4 a factor of 2695157?
False
Is 210108715 a multiple of 116?
False
Is 162 a factor of 111304062?
False
Does 31 divide 288995961?
False
Does 114 divide 4554642?
True
Does 209 divide 156660155?
False
Is 150 a factor of 122304150?
True
Is 574228252 a multiple of 44?
False
Is 1249075568 a multiple of 262?
True
Is 1541474940 a multiple of 12?
True
Is 152 a factor of 10424244?
False
Is 3227 a factor of 817979960?
True
Does 732 divide 1539690351?
False
Is 468832154 a multiple of 14?
True
Is 19 a factor of 8962794?
True
Does 144 divide 57490288?
False
Does 293 divide 767707269?
False
Is 1163068704 a multiple of 7154?
True
Is 771690261 a multiple of 490?
False
Is 130126444 a multiple of 16?
False
Is 1130232317 a multiple of 114?
False
Is 234 a factor of 3026088?
True
Is 74544457 a multiple of 3?
False
Is 185 a factor of 1176922593?
False
Is 13 a factor of 1300350796?
False
Is 31591267 a multiple of 732?
False
Is 3931299 a multiple of 3?
True
Is 398864028 a multiple of 4062?
True
Is 58855690 a multiple of 1765?
True
Is 95 a factor of 187964530?
True
Is 49 a factor of 4191377?
False
Does 16 divide 313065420?
False
Is 272039600 a multiple of 700?
True
Is 117 a factor of 1109590437?
False
Is 887705983 a multiple of 339?
False
Is 9 a factor of 696362760?
True
Is 398 a factor of 14785153?
False
Does 95 divide 1294302705?
True
Is 646 a factor of 2504520036?
True
Does 412 divide 758231616?
True
Is 45 a factor of 77660367?
False
Does 45 divide 3034080?
True
Does 8 divide 340044976?
True
Is 135 a factor of 3290250541?
False
Does 21 divide 234433521?
True
Does 8 divide 25936120?
True
Is 837421 a multiple of 37?
True
Is 4535 a factor of 326805705?
True
Is 22 a factor of 12032414?
False
Is 220 a factor of 296662520?
True
Does 131 divide 57183123?
False
Does 583 divide 4927836650?
True
Is 5 a factor of 153803681?
False
Does 1968 divide 243294155?
False
Does 117 divide 43370524?
False
Is 38 a factor of 6143156?
True
Does 101 divide 1780970370?
True
Is 1848996843 a multiple of 8?
False
Does 53 divide 30546921?
True
Is 106566930 a multiple of 57?
False
Is 3 a factor of 13472993?
False
Is 375969499 a multiple of 31?
False
Does 103 divide 5015552?
False
Is 86057554 a multiple of 9?
False
Is 6441711 a multiple of 94?
False
Does 1768 divide 935510680?
True
Is 3741900 a multiple of 60?
True
Is 4066 a factor of 271604734?
True
Is 3 a factor of 59487578?
False
Is 11 a factor of 14369038?
False
Does 3 divide 49444401?
True
Is 604273212 a multiple of 5477?
False
Is 9 a factor of 38626566?
False
Is 3553750845 a multiple of 9286?
False
Is 2005361178 a multiple of 206?
True
Is 79060895 a multiple of 42?
False
Is 57 a factor of 26714084?
False
Is 158172525 a multiple of 21?
True
Does 6 divide 117216492?
True
Does 2952 divide 752465161?
False
Is 48469996 a multiple of 114?
False
Is 50585392 a multiple of 16?
True
Is 2197 a factor of 100868664?
True
Is 582 a factor of 361642578?
True
Does 962 divide 201849973?
False
Does 3 divide 3335715?
True
Does 155 divide 164335030?
True
Is 81194062 a multiple of 131?
True
Is 2357 a factor of 684986626?
True
Is 30380867 a multiple of 9?
False
Is 6 a factor of 117296190?
True
Does 28 divide 38044412?
True
Is 115925688 a multiple of 6?
True
Does 27 divide 972846305?
False
Does 522 divide 23212818?
True
Does 42 divide 72622620?
True
Is 12 a factor of 641590788?
True
Is 19 a factor of 4675278?
False
Is 311 a factor of 129038241?
False
Does 13 divide 16805875?
False
Is 67 a factor of 226132772?
True
Is 18 a factor of 543795?
False
Is 304 a factor of 14965920?
True
Is 9281236 a multiple of 66?
False
Is 15 a factor of 3170054460?
True
Does 22 divide 387915154?
True
Is 36089872 a multiple of 182?
True
Is 33 a factor of 9258975?
True
Does 225 divide 798086700?
True
Does 20 divide 31646806?
False
Is 701714114 a multiple of 18?
False
Is 2279847787 a multiple of 62?
False
Is 26566206 a multiple of 17?
True
Is 4357